2120
In base 6, what is -1 + -545102555?
-545103000
In base 7, what is 0 + 234221331?
234221331
In base 12, what is -33 + -31a94?
-31b07
In base 16, what is -2292aa1e - -2?
-2292aa1c
In base 4, what is -3003 + -21221033?
-21230102
In base 9, what is -1 - -4083824?
4083823
In base 10, what is -37 - -2368534?
2368497
In base 14, what is 316818 - 54?
3167a4
In base 10, what is 217 + 169950?
170167
In base 13, what is -4810 + 3ba8?
-935
In base 11, what is 362 - 4257a?
-42218
In base 4, what is -13 + 212203113?
212203100
In base 16, what is -3a1 - 4d104?
-4d4a5
In base 10, what is 45951 + 5423?
51374
In base 10, what is 15185 - 2128?
13057
In base 6, what is 1 - -110551442?
110551443
In base 12, what is 18b - -220587?
220756
In base 14, what is 17021370 + -4?
1702136a
In base 16, what is -f294 + -72?
-f306
In base 16, what is -1491555 - 1?
-1491556
In base 8, what is -6350453 - 74?
-6350547
In base 16, what is -6 - -105b22?
105b1c
In base 14, what is -925824c + 5?
-9258247
In base 9, what is 175730088 - -5?
175730104
In base 14, what is -38b - -25830?
25483
In base 3, what is 1101210102 + -101020?
1101102012
In base 3, what is 11 + 1001012021110101?
1001012021110112
In base 2, what is -10101000101 + 10100010110111000?
10100000001110011
In base 8, what is 173 + -2337064?
-2336671
In base 3, what is 21 - 211100100101?
-211100100010
In base 4, what is -1210310231 + -103?
-1210311000
In base 9, what is -24 + -186770?
-186804
In base 2, what is -111001110111 - 111011101010000?
-1000010111000111
In base 2, what is 100111 + 111111101111011?
111111110100010
In base 14, what is -4dd4 - d?
-5003
In base 6, what is 134 - 120502131?
-120501553
In base 3, what is 210012 - 2111022001012?
-2111021021000
In base 15, what is -1d33657 - -3?
-1d33654
In base 6, what is 52432 + 1543?
54415
In base 6, what is 0 - -5214411204?
5214411204
In base 5, what is -20021443 + 301?
-20021142
In base 7, what is 56 + -526311?
-526222
In base 14, what is -14 + -1d044?
-1d058
In base 3, what is 11020 - 1222020202?
-1222002112
In base 2, what is -11101000101110110 + -11011000?
-11101001001001110
In base 10, what is -2 - -24153856?
24153854
In base 14, what is -5 - -284a75?
284a70
In base 12, what is 11233 - -3812?
14a45
In base 2, what is -10100101001111010101011100 + 110?
-10100101001111010101010110
In base 6, what is 11152 - 13224?
-2032
In base 9, what is -2 - 385084477?
-385084480
In base 16, what is -161e92 - a?
-161e9c
In base 10, what is -247273 + 249?
-247024
In base 16, what is 5de4 - 22d?
5bb7
In base 11, what is -500 + -366a80?
-367480
In base 3, what is -111121022212012012 - 2?
-111121022212012021
In base 15, what is -7 + -2536096?
-253609d
In base 3, what is 201221212111 + -1222?
201221210112
In base 6, what is -232043 + 1203?
-230440
In base 7, what is -25410211 - 4?
-25410215
In base 2, what is -10010010110000100101 + 0?
-10010010110000100101
In base 4, what is -3 + 133320110010?
133320110001
In base 16, what is -890e6b + -38?
-890ea3
In base 14, what is dd76ad + 2c?
dd76db
In base 15, what is -1551069 + 0?
-1551069
In base 7, what is -4434051 - -2455?
-4431263
In base 14, what is ad - 6c981d?
-6c9750
In base 5, what is 1021 - -14330133?
14331204
In base 2, what is -1011101 + -111111000100010000110100?
-111111000100010010010001
In base 16, what is -1 + -3ff7f8?
-3ff7f9
In base 14, what is 1d5c826 - -1c?
1d5c844
In base 16, what is 8d0 + -11f3f?
-1166f
In base 10, what is 2 - 93823664?
-93823662
In base 11, what is 27 - 450091?
-450065
In base 8, what is -20012 - -15521?
-2271
In base 14, what is 4059039 - 5?
4059034
In base 8, what is 23404 - -2406?
26012
In base 7, what is 6 + -26214220?
-26214211
In base 13, what is 3 - 1023a41b?
-1023a418
In base 16, what is -1244e4 - d?
-1244f1
In base 12, what is -11a92 + 40?
-11a52
In base 9, what is -221564754 - 0?
-221564754
In base 4, what is -221222000 + -21?
-221222021
In base 5, what is -1343110000132 - 1?
-1343110000133
In base 3, what is -10 + 12220112121200102?
12220112121200022
In base 10, what is 5222 + 144751?
149973
In base 13, what is 61 + -291616?
-291585
In base 12, what is -242252 + 6a?
-2421a4
In base 2, what is -1010000010100010000110 - -100010?
-1010000010100001100100
In base 2, what is -10 + 1101010010110100011000?
1101010010110100010110
In base 7, what is -2606 + -2264063?
-2300002
In base 5, what is -3 + 101330140030?
101330140022
In base 5, what is 201 + 241140103?
241140304
In base 7, what is -46 - 5335563?
-5335642
In base 2, what is -1011101101001011110111 + -11010100?
-1011101101001111001011
In base 13, what is 16 - -54269?
54282
In base 10, what is -19658 - 1036?
-20694
In base 3, what is -21101011110121 - -11?
-21101011110110
In base 6, what is 15 - 14523153?
-14523134
In base 9, what is -16 + 620?
603
In base 10, what is -258855 + 345?
-258510
In base 15, what is -5 - 113904b?
-1139051
In base 11, what is -8 + 18a50450?
18a50443
In base 7, what is -3 - -30012332?
30012326
In base 8, what is 2 + 225106723?
225106725
In base 9, what is 52 - -1080011?
1080063
In base 16, what is -2 + -31cddb?
-31cddd
In base 15, what is 3 - -dee68?
dee6b
In base 2, what is -10011110010001011101110 - 100?
-10011110010001011110010
In base 7, what is -4036660230 + 1?
-4036660226
In base 7, what is -3 + 164616022?
164616016
In base 15, what is 6b219eaa - 2?
6b219ea8
In base 15, what is -61382 + -1a3?
-61535
In base 10, what is 168 - -106118?
106286
In base 15, what is 5cd - 328?
2a5
In base 9, what is -120540 + -207?
-120747
In base 16, what is 7471 - 1525?
5f4c
In base 6, what is -3200355 + 153?
-3200202
In base 10, what is -3 + 2877825?
2877822
In base 6, what is -3344 + -1104300?
-1112044
In base 14, what is -5 + 4cd0d6?
4cd0d1
In base 15, what is -29dcb - -184?
-29c47
In base 11, what is -1 + 223136a?
2231369
In base 14, what is 2 + 268847?
268849
In base 9, what is 12 - 43500010?
-43488887
In base 13, what is 7730 - 159?
75a4
In base 4, what is -12330213210312 + 2?
-12330213210310
In base 11, what is 24036 + -53a?
235a7
In base 2, what is 110101010011000011110001101 + 11?
110101010011000011110010000
In base 9, what is 104 + 110817?
111022
In base 15, what is -773497d - 3?
-7734981
In base 9, what is -204 - -3614245?
3614041
In base 13, what is -2b52 + 8a0a?
5b88
In base 6, what is -1454423 + -145140?
-2044003
In base 8, what is -4 + 15177070?
15177064
In base 13, what is 0 + 265a453?
265a453
In base 3, what is 10012 + 220011221022?
220012001111
In base 11, what is 314 + 4a744?
4aa58
In base 8, what is 2661275152 + -3?
2661275147
In base 8, what is 4 - -22420630?
22420634
In base 15, what is 2 - -4d9650?
4d9652
In base 13, what is -5 + -20100a?
-201012
In base 7, what is 46302 + -341332?
-262030
In base 14, what is d - -41101a?
411029
In base 9, what is -33 + 33266?
33233
In base 2, what is 100101001000110111010000 + -10111?
100101001000110110111001
In base 16, what is -3bd - -1b5f?
17a2
In base 3, what is -101100 - 101101002?
-101202102
In base 5, what is -4 - -12434034343?
12434034334
In base 15, what is -42 + 5bc49?
5bc07
In base 13, what is -14 + -39b92?
-39ba6
In base 16, what is -16453a + 5a?
-1644e0
In base 12, what is 96 + -353b6?
-35320
In base 16, what is 10669e6 + -1?
10669e5
In base 9, what is -213 + 1746463?
1746250
In base 5, what is -12204042114 - 10?
-12204042124
In base 7, what is 501166104 + 2?
501166106
In base 15, what is -630 + -1800?
-1e30
In base 8, what is 41454141 + 54?
41454215
In base 14, what is -c2697 - -361?
-c2336
In base 7, what is -4 + -430265665?
-430266002
In base 3, what is -10101201 + -22100211?
-102202112
In base 12, what is -2a19 + a41?
-1b98
In base 14, what is -3638baa + 3?
-3638ba7
In base 7, what is -14036216121 + -1?
-14036216122
In base 13, what is 2195 - -1c236?
213cb
In base 4, what is 113312222 + 100232?
120013120
In base 12, what is -42036353 + 6?
-42036349
In base 6, what is 5 - -1001420535?
1001420544
In base 2, what is -1 + -100111111001011101001?
-100111111001011101010
In base 5, what is 1 + -13222213103?
-13222213102
In base 5, what is -13311021 + -32334?
-13343410
In base 4, what is 123 + 112312132103?
112312132232
In base 4, what is 2210120 + -3122320?
-312200
In base 5, what is -220311231243 - -3?
-220311231240
In base 9, what is 61702 + -833?
60758
In base